((68 - 97) + 0)
23
What is -31 - (28 - 17 - 49) - -91?
98
What is the value of (35 - 0) + 0 - -29?
64
What is (127 - 50 - 75) + -63 + -1?
-62
What is the value of (-19 - -50) + (24 - 12)?
43
What is -169 + (50 + -4 - (588 - 577))?
-134
What is the value of 2697 + -2728 + 1 + 120 + 2?
92
What is (36 - 1) + 702 + -762?
-25
-65 + (-9 + 97 - -3)
26
6 - (88 - (81 + -30 + -40 - (2 + -1)))
-72
Calculate 14 + (-89 - (-6 + 27 + 12)).
-108
What is 287 - 292 - (-3 + 1 - (-1 + -50))?
-54
What is (-39 - (14 - 23)) + -6 + -16?
-52
What is -66 + (64 - 88) - -82?
-8
-12 - (11 + 6 - 35 - -8)
-2
Evaluate 4 + -11 - (91 - (39 + 17)).
-42
Evaluate -14 - (-1 + 87 - (38 + 45 + -64)).
-81
42 + (-57 - -29 - -7) - -63
84
Calculate 1 + (24 - 0 - -3) + -544 + 552 + -3.
33
What is the value of (2 - (-39 - 9 - -35)) + (2 - (0 + -26))?
43
Evaluate -49 - -116 - 45 - (139 - 4 - 3).
-110
Calculate (187 - (17 + 92)) + -156.
-78
Calculate (-13 - 1) + (84 - (-76 + 100)).
46
Evaluate 25 + 4 + -35 + -3 + 15 + -4.
2
What is -11 - (-5 + 8 - 6 - 2) - -11?
5
Evaluate (94 + 11 - (-54 - -26)) + -30.
103
What is the value of -111 - (131 + -51 + -85)?
-106
What is the value of (46 + -31 - (0 - -27) - -4) + 7 - 102?
-103
What is 57 + 1 + (-13 - -12) - (8 + 3 + -7)?
53
What is (1 - (11 - 1)) + (116130 - 116167)?
-46
What is -663 + 734 - (-3 - -62)?
12
6 + -8 - 25 - (913 - 923)
-17
Evaluate 99 + (65 - (-10 + 180)).
-6
Evaluate -1595 + 1523 + (42 - 1).
-31
What is -12 + 8 + 37 + 6 + (10 - 9)?
40
What is -14 + 4 - -3 - -13 - (34 - 27)?
-1
What is the value of -25 - (-2 + 1) - (149 + (-364 - -212))?
-21
What is -79 + (67 - 8 - 25)?
-45
What is 2 - -6 - 2 - (-125 - (35 + -61))?
105
Calculate 6 - (9 + (7 + (7 - 15) + 30 - -3)).
-35
-3 - (-4 + (6 - (2 - -2 - (16 + -22))))
5
Evaluate (-14 - (-4 + 1)) + 13 + (-1 - 46) + -5.
-50
Calculate (3 - 50) + 21 + 63 - -4.
41
Evaluate 17 + 29 + -4 + -77.
-35
35 - (-133 + 73) - 129
-34
What is (-11 + 28 + -22 - -41) + -1?
35
What is the value of 35 - (7 + -3 - (1 + -8 + 14))?
38
Evaluate 13 - (4 + 2 - 14 - -60) - 4.
-43
Calculate 5 + 28 + -75 + -5.
-47
Calculate -2 - -15 - ((3 - -1) + (-118 - -96)).
31
Evaluate -11 + 37 + -14 - 12 - (-13 + 67).
-54
Calculate (-27 - -51) + -11 + (-3 - (-6 + 0 - -89)).
-73
27 - (-3 + -2 + -35)
67
What is 112 + 1 + -5053 + 4951?
11
What is the value of -18 + 0 + 22 + -9 - -32 - 5?
22
-46 + 14 - (-28 - 102 - -26)
72
What is the value of -153 - -119 - (-23 + 13 - -61)?
-85
(-5 - (-14 - (-12 + (10 - 13 - -8)))) + 62
64
-6 + -5 + -1 + (-37 - (-12 - 3))
-34
Calculate -38 + 26 + 8 + 42 - 95.
-57
What is 5 + 3 + (3 + 1 - (-3 - -8)) + 52?
59
Calculate (16 - (-4 + (1 - -35))) + -13.
-29
What is the value of 19 - -1 - (-385 + 435 - (102 + 1))?
73
What is the value of -14 + -8 + 14 - 1 - (9 + 2)?
-20
Evaluate -120 - ((70 - 44) + -84).
-62
What is the value of 16 + (-2 - -1) + 4305 + -4332?
-12
What is -47 + (24 + -20 - -15)?
-28
Calculate 1277 + -1315 + 1 + -2 + 14 + 14.
-11
Calculate 28 + 42 + -21 + 11.
60
Evaluate 23 + 20 + (-112 - (-26 + 14)).
-57
Evaluate -11 + -12 + 13 - (3 - 23 - -7).
3
What is the value of (27 - (15 - -41)) + 33?
4
Evaluate -312 + 302 + (0 - -11 - 15).
-14
What is 27 - (16 + (-7 - 21) - -12)?
27
Evaluate (28 - 12 - 15) + -14.
-13
What is 183 + -259 - (-172 + 33)?
63
Evaluate (-4 - -5 - (91 - 0)) + (4825 - 4816).
-81
What is -1 - 0 - (-44 + 5) - (-3 + (0 - -12))?
29
What is 15 - (16 - -12) - (-64 - 1)?
52
Evaluate 2 + 0 - (29 + (12 + -25 - 3)).
-11
Evaluate (-101 - -2) + (22354 - 22326).
-71
Calculate (5 - 3) + -24 + 17 - -66.
61
What is the value of -3 + (19 + -15 + 2 - 9 - 11 - -14)?
-3
3 + (-17 - (12 - (12 - -5))) + -2
-11
Calculate 30 - ((1086 - 1095) + (0 - 24)).
63
What is the value of 44 + (2 - -15) + -1 + -29 - (0 - 10)?
41
Evaluate -54 - (18 - (28 - (6 + 4 - -2))).
-56
What is the value of -11 + -9 + -21 + 27 - -22 - 137?
-129
Calculate 122 + (-416 - -92) + 47.
-155
Calculate -12 + 4 + (-83 - -103) + 15.
27
Evaluate -36 - (-57 + 13 - -16 - 43).
35
Calculate 1526 - 1444 - (80 + 3).
-1
What is the value of 14 - (53 - -7) - (-101 - -72)?
-17
What is the value of -2 - 0 - 62 - (-1592 - -1580) - 10?
-62
15 + 3 + -21 - 52
-55
Calculate 97 - 49 - -46 - 54.
40
What is the value of (-2 - 4) + 5 + -15 + 8 + 14 - 16?
-10
What is 0 - 11 - (391 + -724 + 261)?
61
-237 + 94 + 90 - -81
28
What is (-48 - -9) + 8 - ((-7 - 0) + (113 - 101))?
-36
What is 29 - (21 + 3 - (-12 + 8))?
1
Evaluate -79 + (51 - (32 + -40)).
-20
Evaluate -1 + (26 + 21 - 15).
31
What is the value of -28 + (160 - 237 - 44)?
-149
Calculate -34 - -21 - (46 - 84 - -44).
-19
What is -42 + (18 - (-6 + 30)) + -12?
-60
What is the value of -5 + -18 + (4 - 16)?
-35
3 + (1 - 3) + -206 + 220 + 22
37
What is 41 + -32 + (7 - 16) + -1 + 1 + -38?
-38
What is (286 - (166 - 25)) + -112?
33
What is 16 + (50 - 54 - 10)?
2
What is the value of -16 - (-52 - -93 - 24)?
-33
-17 + (-19 - -30 - 10 - -20)
4
What is 72 + -79 + (1 - (-1 - (3 + -2)) - 4)?
-8
Calculate 39 + 37 + -101 + 39.
14
What is the value of 10 + -11 + (-1 - -22) + -573 + 639?
86
-19 + (-4 - -20 - 4) - (-13 + 2)
4
What is -3 + (-12 - (-34 + -13))?
32
Evaluate (-53 - -1) + (126 - 62).
12
What is the value of (40 + -105 - -45) + -14?
-34
Calculate (38 - 1 - (171 + -181)) + 1 + -11.
37
What is 69 - (42 + -37 - -61)?
3
Evaluate 14 + -16 + -9 - (3 - 17 - (171 + -81)).
93
Evaluate 9 - (4 - 0) - (4 + -23 + (-1 - -16)).
9
What is -42 - (-1 - (-34 + 24))?
-51
13 - (-10 + 34 + 20 + -8)
-23
Calculate (1 - (108 - -4)) + (33 - -2 - (628 + -606)).
-98
(13 - 1) + (84 - (64 + -7 - 19))
58
Evaluate -79 - (-1 - 1) - (33994 - 33969).
-102
What is -26 + 4 - (-1 + -4) - (25 + -36)?
-6
Evaluate 14 + 5 + (-86 - (-55 + 13)).
-25
What is the value of -7 - (31 - ((-32 - -184) + 16))?
130
Evaluate 11 + -26 - (27 + (1 - -1)) - -8.
-36
What is the value of 101 - 32 - (-6 + 59)?
16
Calculate (-4 - (-1 + 34)) + (136 - 136) + (0 - 6).
-43
What is -11 + 3 - (-29 - -35) - -41?
27
What is the value of -1 + -8 - ((99 - 70) + -35 + 3 + -6)?
0
What is the value of 7 + -2 + (0 - 2) + (270 - 125) + -171?
-23
Evaluate 84 + -9 + -91 - (0 + -52).
36
Evaluate 24 + (57 - 84) - 30.
-33
Calculate (-24 - (-47 - 21)) + -1 + (-2 - -4) + 3.
48
What is the value of 12 - ((-6 - -17) + 0 + (28 - -5))?
-32
What is the value of -56 + (44 - -41) + -2 + 15?
42
Calculate 5 + (0 - -16 - (77 + -74) - 7).
11
Evaluate -47 - ((53 - 152) + 18).
34
Evaluate 1 + -3 - (616 + -552) - -29.
-37
What is (-5 - (2 + -7)) + -50 - (49 + -10 - 34)?
-55
Evaluate (2718 - 2650) + 2 + 2 + -1 + -17 + 2.
56
-28 - (-60 - (-76 + 29)) - -154
139
Calculate -44 + 69 + 6 - -36.
67
Calculate (26 - (-13 + -10 - -47)) + 21 - -48.
71
Evaluate (6 - -8 - 15) + (-4 - -89).
84
What is the value of -237 + 205 - (0 - -14)?
-46
Evaluate 18 + 5 + (-19 - (-3 - 7)) + 20 + 11.
45
0 + -12 - (-6 - -5 - 0)
-11
What is the value of -8 - ((-9 - -11) + 57 + (16 - 13) + 10)?
-80
What is -22 + -5 + 37 + 93 + -4?
99
What is the value of -8 - (11 + -10 + 2 - -48)?
-59
(-15 - -18) + -1 + 1 - (-6 - 2)
11
Evaluate 38 + -66 - (-27 + -19) - -27.
45
Calculate 26 - ((34 - 22) + 21 - 54).
47
Calculate 96 + -46 + (-28 - -4) + -161.
-135
What is the value of (0 - 4 - (2 - 0 - -44)) + 9?
-41
-15 + 43 + (-58 - 73)
-103
Evaluate 26 + 23 + -81 - -133.
101
What is the value of (-2 - -19) + -12 + -8 + 9 + 6?
12
(-12 + 11 + -16 + -98 - -16) + 10
-89
-14 + (-39 - -32) + (12 - 4) + -10
-23
11461 + -11489 - (-66 - 1)
39
Calculate 1 + (-58 - -109) + -45.
7
What is 0 - 0 - -5 - 47 - (82 - 98)?
-26
What is -244 + 239 + 1 + -6 + -1 + 1 - -29?
19
Evaluate 143 + (-100 - -43) - 50.
36
Calculate 1 - 8 - (-60 - 9).
62
What is the value of -2 + 6 - (218 - 176)?
-38
What is 0 + -2 + (1437 - 1353)?
82
What is the value of 0 - (18 - (-359 + 350 - (-1 + -3)))?
-23
What is 5 - -19 - 26 - (-7 + (1 - 15))?
19
What is (13 - (-9 - 0)) + -2 + -20?
0
What is the value of -1212 - -1327 - (-2 - -183)?
-66
What is 3 + 0 - -5 - (-8 + 31 + -23 - -4)?
4
53 + 40 + -98 + -2 + 0 + 6
-1
6 + (-5 - -6) + -7 + 48 + 3 + -11
40
What is the value of -9 - ((-4 - 1 - -10) + -21) - (-24 - 0)?
31
What is -4 - (-7 - (-22 - 6 - (0 - 11)))?
-14
Calculate -40 + 9 + (-20 - -26 - 8).
-33
What is 11 + -19 + 5 + -2 + -15 + 22?
2
What is the value of (1420 - 1402) + -2 + -56?
-40
Calculate 